r = b + 50. Suppose -2*m - 3*u = 62 - 169, -4*u = -m + r. What is the remainder when m is divided by 26?
23
Suppose -2*r = -4, 3*w = w + r + 2. Calculate the remainder when 129 is divided by w*(3 + -2)*13.
25
Suppose 3*j - 5*b = 29, -29 = j + 4*b - 50. What is the remainder when ((-24)/5)/((-15)/200) is divided by j?
12
Suppose -2*j - 453 = 1119. Let u = 792 + j. What is the remainder when 135 is divided by u?
3
Suppose 6127*i - 6157*i + 2010 = 0. What is the remainder when 2449 is divided by i?
37
Let h = -33622 - -33795. What is the remainder when h is divided by 4?
1
Let k = 5655 - 5509. Calculate the remainder when 333 is divided by k.
41
Let n = 140 - 137. Suppose -5*f + n*x + 178 - 23 = 0, 0 = -5*f + 2*x + 160. Calculate the remainder when f is divided by 10.
4
Let z(w) = 40*w**2 + 131*w + 130. Calculate the remainder when 86/(-3)*(-6)/4 is divided by z(-1).
4
Calculate the remainder when 97*23 + (-4)/((-16)/(-12)) - -4 is divided by 26.
22
Let l be (-4)/6 + 416/3. Suppose -l = -0*j - 6*j. Let z = -157 - -171. What is the remainder when j is divided by z?
9
Let y = -50 + -44. Let a = y - -104. Calculate the remainder when a is divided by 1.
0
Let a(q) = -69*q - 330. Calculate the remainder when 3977 is divided by a(-7).
152
Suppose 3*x = 2*k + 50, 4*k - 15 = 5. Let b = 24 - x. Calculate the remainder when b is divided by (-6)/(-6) + (-1 - -2).
0
Let u(i) = 12*i - 192. Let m(v) = 4*v - 58. Let z(x) = 10*m(x) - 3*u(x). Suppose 2*s - s = 5. Calculate the remainder when 29 is divided by z(s).
13
Suppose 24707 + 4133 = 103*r. Calculate the remainder when 707 is divided by r.
147
Suppose -17*o + 1425 = -12*o - 0*o. Calculate the remainder when 584 is divided by o.
14
Let v(c) = c**3 - 3*c**2 + c + 89. Let m be v(0). Suppose -m = 3*w + 34. Let h = w - -73. Calculate the remainder when h is divided by 19.
13
Suppose 0 = -2*v + 5*a + 26, v + 77 = 4*v + 2*a. Let z = 23 - v. Suppose 4*r = 4*x + 72, -r - 4*x + 38 = -z*x. What is the remainder when 64 is divided by r?
20
Let q be (4 - 7)/((-5)/5). Suppose -2*m - 5 = 3, q*m - 20 = -2*n. What is the remainder when n is divided by 1 + -2 + (2 - -5)?
4
Let m(o) = o + 17. Let n be ((-1)/(-2))/(11/(-330)). Let d be m(n). Suppose 0 = 7*w + d - 23. Calculate the remainder when w is divided by 3.
0
Suppose 2*p + 3*v - 2*v - 72 = 0, 0 = 5*p - 5*v - 165. Suppose -6*x + p = -337. Calculate the remainder when x is divided by (-6)/8 + (-139)/(-4).
28
Let o(s) = -s**3 - s**2 - 8*s - 4. Suppose 5*y + 21 = -3*r, 10 = y - 5*r + 3. What is the remainder when 112 is divided by o(y)?
36
Suppose 0 = -83*i + 75*i - 2872. Let h = -356 - i. What is the remainder when 58 is divided by h?
1
Let j be (-1564)/12*-6 - -4. Let w = j - 778. Suppose 56 = 3*g - 1. Calculate the remainder when g is divided by w.
3
Suppose -b - 7 = -y + 1, 3*y + 12 = -b. Let j be (-1)/11 + 189/(-99). Calculate the remainder when (24/b)/(j/6) is divided by 3.
2
Let f = -17248 + 19821. Calculate the remainder when f is divided by 16.
13
Suppose 576*s = 614*s - 4826. What is the remainder when 384 is divided by s?
3
Suppose 104 = o - 2*a - a, 4*o - 416 = 3*a. Suppose -p + o = p. Suppose -4*y = -9056 + 9020. What is the remainder when p is divided by y?
7
Suppose 0 = -2*j - h + 18, -14*j + 19*j - 39 = -4*h. Suppose -j + 7 = -z. What is the remainder when z is divided by 3?
1
Let s(m) = 3*m**2 - 49*m - 15. What is the remainder when 717 is divided by s(18)?
42
Suppose -8 = a - 11. Suppose -5*r - 29 - 33 = 4*k, -r = -2*k - 38. Calculate the remainder when (-222)/k - 1/3 is divided by a.
0
Let s = 9784 + -9670. What is the remainder when 910 is divided by s?
112
What is the remainder when (-72)/(-2)*11088/448 is divided by 36?
27
Suppose 340 = -3*f + 8*f - 2*a, f - 4*a - 68 = 0. What is the remainder when f is divided by 44?
24
Let a = 35 - 5. Let l = -862 + 875. Suppose l*v = -v + 182. Calculate the remainder when a is divided by v.
4
Let z(a) = -a**2 - 9*a - 7. Let i be z(-14). Let j = i + 111. Calculate the remainder when j is divided by 10.
4
Suppose 0 = 4*m + 921*l - 916*l - 4065, 0 = 3*m - 5*l - 3005. Calculate the remainder when m is divided by 105.
65
Suppose -d - d + 4 = 5*g, d - 17 = 5*g. What is the remainder when (11 - 0)/((10/30)/1) is divided by d?
5
Let v(o) = 1662*o + 28. What is the remainder when 206 is divided by v(0)?
10
Let f(t) = -t**3 + 10*t**2 - t - 7. Calculate the remainder when f(4) is divided by -24 - 803/(-33) - ((-76)/6 - -2).
8
Suppose 6*y - 57 = 15. Suppose -2*b + 4 = 0, 3*w = -5*b + 112 + 48. What is the remainder when w is divided by 13/((-65)/30) + y?
2
Let h(i) = -i**2 + 217*i - 4623. Calculate the remainder when 390 is divided by h(24).
3
Let f be 521/(-3) + 8/(-6). Let r = f + 236. Calculate the remainder when r is divided by 3.
1
Suppose 29*h - 34*h - 5*z = -5355, 0 = -h - 2*z + 1064. What is the remainder when h is divided by 18?
16
Suppose -2*g - 4*c + 651 = -c, 3*g + c = 959. Let l = g - 292. Calculate the remainder when l is divided by ((-2)/2 - 0) + 10.
8
What is the remainder when 305 is divided by (-86158)/(-644) + (-6)/(-28)?
37
Suppose 21*j - 7*j = 15022. What is the remainder when j is divided by 17?
2
Let h = 3443 - 3197. What is the remainder when 474 is divided by h?
228
Suppose 21904 = 377*j - 340*j. What is the remainder when j is divided by 149?
145
Let g = -10964 + 12713. Calculate the remainder when g is divided by 135.
129
Let t be (5 - 8) + (-4 - -13). Calculate the remainder when 94 is divided by (8/(-3))/(142/24 - t).
30
Suppose -o - 5 + 10 = 0. Suppose -5*z + 14*m + 31 = 13*m, o*z - 47 = -3*m. Suppose -5*w + 11 = -9. Calculate the remainder when z is divided by w.
3
Let a(h) = 2*h**3 + 23*h**2 - 11*h + 19. Let m = -253 + 272. What is the remainder when m is divided by a(-12)?
5
Let q(i) = -i**2 + 9*i + 368. Let l be q(-26). Let h = l - -639. Calculate the remainder when 281 is divided by h.
87
Suppose -1800 = -138*b + 98*b. Calculate the remainder when 1004 is divided by b.
14
Suppose 8*b + 46*b - 3678 - 534 = 0. What is the remainder when 89 is divided by b?
11
Suppose -5*r = -0*r - 20. Let g = -1406 + 1431. Suppose 8*x + g - 169 = 0. Calculate the remainder when x is divided by r.
2
Suppose -16*m + 98 = 34. Suppose d + w + 4*w = 0, w = -2. Suppose -1 - 3 = x - 2*z, -2*z = 2*x - d. What is the remainder when m is divided by x?
0
Let i(d) be the first derivative of -d**4/4 - 14*d**3/3 - 7*d**2 + 14*d - 6. Suppose 2 = -2*y - 24. What is the remainder when i(y) is divided by 16?
11
Let s = -58 + 61. Suppose -3*n = s*n + 42. Let q(y) = y**3 + 7*y**2 - 8*y - 2. What is the remainder when q(n) is divided by 28?
26
Suppose 5*d + 4*d + 27 = 0. Let m be 72/16*(-2)/d. Suppose m*p = p + 52. What is the remainder when 128 is divided by p?
24
Let y(f) = 16148*f**2 + 15*f + 6. Calculate the remainder when y(-1) is divided by 30.
29
Let v(q) = -8*q - 23. Let c be v(-5). Let w = c - 6. What is the remainder when 141 is divided by w?
9
Suppose -30*r = -24*r - 450. Suppose -r = -3*m + 102. What is the remainder when m is divided by 26?
7
Suppose -5*l + 94 = -6. Suppose 2*w - 991 = -3*w + 2*g, -5*w = -3*g - 994. Let s = 255 - w. What is the remainder when s is divided by l?
18
Let p be (52/13 - 9*1) + 10. Suppose -5*b - 4*q + 19 = -183, p*b = -3*q + 199. Suppose -t = 3*t - 52. Calculate the remainder when b is divided by t.
12
Calculate the remainder when 2763 is divided by 5/(50/175*-1 - 86/(-56)).
3
Let r be 5 - (-6)/(18/(-255)). Let n = r + 100. What is the remainder when 56 is divided by (1 - n/14) + (-1854)/(-63)?
27
Let l = -54 + 55. Let f be (71 - 0/4)/(0 + l). Suppose 0 = -6*y + 7*y - f. What is the remainder when y is divided by 37?
34
Suppose 114 - 18 = 24*b. Let t(n) = 19*n - 7. Let d(u) = -57*u + 20. Let i(l) = -6*d(l) - 17*t(l). Calculate the remainder when i(1) is divided by b.
2
Let n(h) = -h**2 - 3*h + 2. Let m = -1 - -3. Suppose m*j + 6 = -j. What is the remainder when n(j) is divided by 3?
1
Let a be (-13 - 3) + -3 + (1 - -1). Let d(n) = -8*n + 3. What is the remainder when d(a) is divided by 16?
11
Let j(s) = 172*s**3 + 2*s**2 - 1. Let k = -22519 - -22563. Calculate the remainder when j(1) is divided by k.
41
Let r = -36 + 34. Let g be (-9)/18 + r/4. What is the remainder when 21 is divided b